 + 5?
-1095479
In base 11, what is -188 - 676?
-853
In base 9, what is 1 - 11235?
-11234
In base 5, what is -2314 + -24100?
-31414
In base 2, what is 10011111010010111 - -101?
10011111010011100
In base 2, what is -1011101000010 + 101?
-1011100111101
In base 5, what is 230114 - 200?
224414
In base 13, what is 945 - 59?
8b9
In base 3, what is 20101100221 + 10?
20101101001
In base 3, what is -221122220020 + -22?
-221122220112
In base 14, what is 24d47a - -1?
24d47b
In base 14, what is -1 + 1cdb?
1cda
In base 13, what is -60a37 + -5?
-60a3c
In base 11, what is 488 - -9a?
577
In base 6, what is -135 + 3552?
3413
In base 13, what is 3110ab + 1?
3110ac
In base 6, what is 155 + 10440?
11035
In base 9, what is -4746262 + -2?
-4746264
In base 2, what is 1010001 - -11001111?
100100000
In base 5, what is -10 - 243400240?
-243400300
In base 14, what is 260 + -1836?
-15b6
In base 10, what is -1682 + -102?
-1784
In base 13, what is -1 - 3554?
-3555
In base 10, what is 19 + 15157?
15176
In base 12, what is 6 - 439?
-433
In base 12, what is 17005 - -13?
17018
In base 14, what is 4 + 448b?
4491
In base 10, what is -5 + 134348?
134343
In base 4, what is 1301321011 - 11?
1301321000
In base 13, what is -410 - -135?
-2a8
In base 3, what is 11122 + 2202110?
2221002
In base 10, what is -2209 + -10?
-2219
In base 15, what is 11 + -4bbc?
-4bab
In base 13, what is -1 - -4743?
4742
In base 6, what is 20 - 222?
-202
In base 4, what is 20311 + -11211?
3100
In base 8, what is 175 + -635?
-440
In base 14, what is 94 - 5d2?
-53c
In base 13, what is -2a + 804?
7a7
In base 12, what is 2815 + 6?
281b
In base 3, what is -11211 + 2021220?
2010002
In base 3, what is -1 - 20201010?
-20201011
In base 4, what is 21222 - -112100?
133322
In base 7, what is -15613 - -212?
-15401
In base 7, what is 1420600 - 2?
1420565
In base 8, what is -2 + 31340?
31336
In base 12, what is -a + 556a?
5560
In base 8, what is -34500 + -5?
-34505
In base 10, what is -56771 - 2?
-56773
In base 7, what is 235 - 631?
-363
In base 15, what is -e - -bb?
ac
In base 15, what is 18 + -11be?
-11a6
In base 2, what is 110110111 - -11101?
111010100
In base 9, what is -245505 + -3?
-245508
In base 16, what is -15 - -706?
6f1
In base 10, what is 282 + 158?
440
In base 6, what is 512 - 1305?
-353
In base 8, what is 7 - 4107?
-4100
In base 12, what is -388b - -1?
-388a
In base 2, what is 10110110110110011 - -111?
10110110110111010
In base 10, what is -9141 + -13?
-9154
In base 2, what is -101 + -110111000101101?
-110111000110010
In base 4, what is -11 + 3322102?
3322031
In base 12, what is 1 + 5a689?
5a68a
In base 10, what is -1 + -15066?
-15067
In base 2, what is -1101 + 1111110010011111?
1111110010010010
In base 8, what is 1260 + -172?
1066
In base 10, what is -567 + 534?
-33
In base 3, what is 1 - 1000012202012?
-1000012202011
In base 4, what is -10 + -10231303?
-10231313
In base 8, what is -3324447 - 0?
-3324447
In base 8, what is 12444147 + 2?
12444151
In base 16, what is 4 + -84e3?
-84df
In base 11, what is 220 + 39?
259
In base 8, what is -4262 - -130?
-4132
In base 8, what is 4176250 + 3?
4176253
In base 10, what is -707 - -87?
-620
In base 6, what is -150 + 1004?
414
In base 12, what is 2 - -2528?
252a
In base 9, what is -7 - -47500?
47482
In base 7, what is 0 - 102102?
-102102
In base 13, what is -4b39a + -5?
-4b3a2
In base 6, what is 1004 - 101313?
-100305
In base 4, what is -12011 - 10001?
-22012
In base 16, what is 51 - -19bd?
1a0e
In base 7, what is -242 + 23313?
23041
In base 6, what is 0 - -340133?
340133
In base 8, what is -73 - -14604?
14511
In base 9, what is 6730 - 268?
6451
In base 2, what is 1010000 - -11101100?
100111100
In base 3, what is -12 - -1120202210?
1120202121
In base 14, what is 86322 - 0?
86322
In base 5, what is -21 + 320343?
320322
In base 9, what is 4 - -226625?
226630
In base 9, what is -311213 - -2?
-311211
In base 16, what is -2d1 + -106?
-3d7
In base 6, what is 15 + 5312445?
5312504
In base 11, what is -49 - 84?
-122
In base 4, what is 10103 + 1031322?
1102031
In base 14, what is 1867 + -1b3?
1694
In base 2, what is -1 + -11101111011010?
-11101111011011
In base 2, what is 1001111101 + 101?
1010000010
In base 6, what is -3 + -22552?
-22555
In base 11, what is 9107 - -5?
9111
In base 2, what is 100011001101000 + 1?
100011001101001
In base 4, what is -1203311 + 21?
-1203230
In base 13, what is 2b1 - 32c?
-4b
In base 14, what is 2a - -b038?
b064
In base 14, what is -43 + 899?
856
In base 8, what is -5 + 103706?
103701
In base 4, what is 33 + 32020?
32113
In base 16, what is -3 - -348d?
348a
In base 6, what is -22454 - -252?
-22202
In base 11, what is 309 + -665?
-357
In base 14, what is 5 + 15675?
1567a
In base 10, what is 323155 + -1?
323154
In base 8, what is -4 + -1470577?
-1470603
In base 13, what is 1 + 97c4?
97c5
In base 13, what is 28 - -89a?
8c5
In base 9, what is -231350 - -3?
-231346
In base 13, what is -141aac - 3?
-141ab2
In base 16, what is 24c + -541?
-2f5
In base 13, what is 5 + -6c158?
-6c153
In base 9, what is -7 + 722?
714
In base 15, what is -19801c - 1?
-19801d
In base 16, what is 1434 - 10?
1424
In base 4, what is -1130 - -30210?
23020
In base 12, what is 16 + 4704?
471a
In base 3, what is 220100 + -2101200?
-1111100
In base 9, what is 1 + -447402?
-447401
In base 10, what is 5 + 1227?
1232
In base 9, what is -1 + 33643?
33642
In base 9, what is 12760 + -27?
12732
In base 13, what is 5 - -2b109?
2b111
In base 5, what is 133104 - 10?
133044
In base 9, what is -14 + -64672?
-64686
In base 11, what is 4969 + 52?
4a10
In base 9, what is 155784 - 4?
155780
In base 12, what is 0 - 19576?
-19576
In base 8, what is -2037 - -152?
-1665
In base 11, what is 107a + -66?
1014
In base 10, what is -14 + 300?
286
In base 5, what is -110323 - 3112?
-113440
In base 10, what is -92 - 11?
-103
In base 8, what is 110152 - -113?
110265
In base 16, what is 4 + 85f?
863
In base 14, what is -2 + 6db?
6d9
In base 4, what is 20213 - 123321?
-103102
In base 12, what is 2186338 + 2?
218633a
In base 11, what is -a3 - 29422?
-29515
In base 2, what is 100 - -111001010010?
111001010110
In base 11, what is 5 + 608366?
608370
In base 4, what is 12023313 - 10?
12023303
In base 11, what is 19 + 759?
777
In base 15, what is 1 + -316e?
-316d
In base 5, what is -320 + -112222?
-113042
In base 11, what is -25 - -1021?
aa7
In base 4, what is -3 + 11023221?
11023212
In base 8, what is 2064 - -1316?
3402
In base 13, what is b94 + 962?
1826
In base 8, what is -46 + 32640?
32572
In base 15, what is 1d + 4b06?
4b24
In base 9, what is 64 - -420?
484
In base 12, what is 3 - -15228?
1522b
In base 9, what is -1 + -150064?
-150065
In base 2, what is 0 + -1010001101001?
-1010001101001
In base 7, what is 51 - -2131?
2212
In base 14, what is 147 - -ca?
233
In base 8, what is -13554 - 3?
-13557
In base 5, what is -4 + 21240142?
21240133
In base 10, what is 10 + -3154?
-3144
In base 14, what is 13344 - 1?
13343
In base 10, what is 1152458 - 1?
1152457
In base 10, what is 19905 - 0?
19905
In base 14, what is 80 + -11c?
-7c
In base 7, what is 0 - -160456?
160456
In base 7, what is -5 + -11056?
-11064
In base 16, what is 612fd + 1?
612fe
In base 8, what is 35 + -1071?
-1034
In base 2, what is -1111 - -110101?
100110
In base 13, what is 15c - -2?
161
In base 4, what is 132220300 + -2?
132220232
In base 12, what is 45a32 + 5?
45a37
In base 12, what is -2358971 - 0?
-2358971
In base 3, what is 2221210122 - 11?
2221210111
In base 8, what is 12 + -12674?
-12662
In base 10, what is -2 - 632?
-634
In base 4, what is 2 + -133221320?
-133221312
In base 12, what is -6 + -145266?
-145270
In base 15, what is a0c6 + -3?
a0c3
In base 3, what is -22200210000 - -1?
-22200202222
In base 13, what is -39 + 1402?
1396
In base 3, what is 100 + -11201212?
-11201112
In base 3, what is -2212 + -120102000?
-120111212
In base 16, what is 22bf8 - 5?
22bf3
In base 8, what is 6 + -1164202?
-1164174
In base 12, what is 276b1a + -2?
276b18
In base 9, what is -500147 + 5?
-500142
In base 13, what is 325 + 252?
577
In base 9, what is 60 + 47?
117
In base 15, what is 7c41 - 11?
7c30
In base 10, what is -8 - -2638?
2630
In base 10, what is -1 - 34285?
-34286
In base 10, what is 53 + -4474?
-4421
In base 3, what is -212120101200 - -11?
-212120101112
In b